809 prime?
False
Is 38503259311 a prime number?
False
Is 11084413111 prime?
True
Is 1226898691 composite?
False
Is 13701325091 a composite number?
True
Is 766884553 a composite number?
True
Is 1053401491 composite?
False
Is 26177087677 a composite number?
True
Is 307109423 a prime number?
False
Is 1999415413 a composite number?
True
Is 7743999121 composite?
False
Is 775272053 prime?
True
Is 800041373 a composite number?
False
Is 1138288421 prime?
True
Is 459023899 composite?
False
Is 12767486491 prime?
True
Is 516589883 composite?
True
Is 76943436991 composite?
True
Is 13430112283 composite?
True
Is 81723593329 a composite number?
True
Is 818307781 a composite number?
True
Is 74803521101 composite?
True
Is 230161847561 composite?
False
Is 60660790067 a prime number?
True
Is 103928561 composite?
True
Is 8138046257 a composite number?
True
Is 18379692523 a composite number?
True
Is 148509365677 prime?
True
Is 892977359 composite?
False
Is 6954305227 composite?
True
Is 1465157687 composite?
True
Is 1338017378 prime?
False
Is 333518927 composite?
True
Is 17616542387 prime?
True
Is 62495593 prime?
False
Is 29687735921 a composite number?
True
Is 6445728521 a prime number?
True
Is 444608126 a prime number?
False
Is 1968086647 prime?
False
Is 2535772949 composite?
True
Is 6370752671 prime?
True
Is 3904407841 a prime number?
True
Is 12287371583 composite?
True
Is 13686567269 a composite number?
True
Is 1604652941 composite?
False
Is 654875051 a prime number?
False
Is 36488839663 a prime number?
True
Is 453626279 a prime number?
False
Is 1349540273 prime?
True
Is 3202837949 a composite number?
False
Is 396334089203 a prime number?
False
Is 2811439111 a prime number?
False
Is 8704043893 a composite number?
True
Is 57530518961 a composite number?
True
Is 1453207817 composite?
False
Is 867912013 a prime number?
True
Is 25094114141 a composite number?
False
Is 19693815397 a composite number?
True
Is 590798609 prime?
True
Is 1424285899 prime?
True
Is 7265787707 prime?
True
Is 3448210247 a composite number?
True
Is 326715022 composite?
True
Is 2734280277 a composite number?
True
Is 8668988057 a composite number?
False
Is 13619553317 a composite number?
False
Is 35303423486 composite?
True
Is 21957961 composite?
False
Is 5968016629 a prime number?
False
Is 12500221351 a prime number?
False
Is 275353383 a prime number?
False
Is 8846846747 a prime number?
False
Is 14659403599 composite?
False
Is 873357514 composite?
True
Is 49328210801 composite?
False
Is 1497679819 a composite number?
True
Is 2129117647 a prime number?
True
Is 2428546543 a prime number?
False
Is 16516551463 composite?
False
Is 44713603 composite?
True
Is 27700230979 prime?
False
Is 1236725837 composite?
False
Is 3169313 prime?
False
Is 32582278879 prime?
False
Is 46228961939 composite?
False
Is 2222469251 a composite number?
True
Is 1047828289 a composite number?
True
Is 2169435667 prime?
False
Is 1785581437 a composite number?
False
Is 290290451 a prime number?
False
Is 6360112223 a composite number?
False
Is 2388237127 composite?
False
Is 600208183 a prime number?
False
Is 660787499 a composite number?
False
Is 24219369247 a prime number?
False
Is 699996557 a prime number?
False
Is 7298274221 a composite number?
True
Is 6235815931 a prime number?
True
Is 479517550177 a composite number?
False
Is 626830637 a prime number?
False
Is 37684680619 composite?
False
Is 36280547 prime?
False
Is 846827551 a composite number?
True
Is 1633649287 a prime number?
False
Is 3912482699 a composite number?
False
Is 185723177 prime?
True
Is 1745211137 a composite number?
False
Is 43230411395 prime?
False
Is 59449777613 a composite number?
True
Is 1950178589 a composite number?
False
Is 9289359769 composite?
True
Is 972647747 prime?
False
Is 441284293 a prime number?
True
Is 1284498209 a composite number?
True
Is 412679803 composite?
True
Is 1191621021 composite?
True
Is 7929585397 a composite number?
True
Is 43834087 a composite number?
True
Is 2506373213 a composite number?
False
Is 418462267 a prime number?
False
Is 14157939151 a composite number?
False
Is 173273729 a composite number?
False
Is 18298491439 a prime number?
True
Is 12264112843 prime?
True
Is 893718479 prime?
False
Is 83719552079 composite?
False
Is 273162989 a prime number?
False
Is 68570137 composite?
False
Is 607128623 prime?
True
Is 954579433 composite?
False
Is 117490487 composite?
True
Is 1161689657 composite?
False
Is 10419383027 prime?
False
Is 76603504477 a composite number?
False
Is 2630034457 prime?
True
Is 1587595501 a prime number?
False
Is 1712448643 composite?
True
Is 9192151945 a composite number?
True
Is 183329967773 a prime number?
True
Is 1313824691 prime?
True
Is 9036879783 prime?
False
Is 17436738749 a composite number?
False
Is 75005575493 a composite number?
False
Is 351970343 a composite number?
True
Is 1834606783 a prime number?
True
Is 137947213 prime?
True
Is 6784405697 prime?
True
Is 181572107 composite?
False
Is 3328458191 composite?
False
Is 5290126685 a prime number?
False
Is 60264801383 a prime number?
True
Is 6810766913 prime?
False
Is 797261821 a prime number?
True
Is 1595442665 composite?
True
Is 1472069519 a composite number?
True
Is 146209871 a prime number?
True
Is 1764589823 composite?
False
Is 4132003121 prime?
False
Is 3462238823 prime?
False
Is 6763236199 a composite number?
True
Is 9884153999 a prime number?
True
Is 11180987479 a prime number?
True
Is 22173712467 composite?
True
Is 283004135 composite?
True
Is 930311465 composite?
True
Is 157272491 a composite number?
True
Is 101487456347 composite?
True
Is 1265289752491 prime?
True
Is 1878288133 a composite number?
True
Is 1864453807 a prime number?
False
Is 132328928695 a prime number?
False
Is 1568698163 prime?
True
Is 3654927863 a composite number?
True
Is 122916799451 a composite number?
False
Is 1606390411 a prime number?
False
Is 21503748449 prime?
True
Is 19213559 a prime number?
True
Is 744154217 a prime number?
True
Is 446958583 a composite number?
False
Is 18738821837 a prime number?
True
Is 314297947 a composite number?
False
Is 353957876123 a prime number?
True
Is 28660551841 a prime number?
True
Is 833682259 prime?
False
Is 141963799 a composite number?
True
Is 76368494861 a composite number?
True
Is 4842078379 a composite number?
True
Is 2002733693 prime?
True
Is 7461497401 composite?
False
Is 128828557339 prime?
True
Is 2796573471 a prime number?
False
Is 1107066679 a prime number?
False
Is 3520639543 prime?
False
Is 144389872313 a composite number?
True
Is 271224685 prime?
False
Is 366515542609 prime?
True
Is 2859757361 a prime number?
True
Is 589800923 prime?
True
Is 11623157549 prime?
True
Is 3112220219 composite?
True
Is 18904332415 a prime number?
False
Is 142817201 prime?
True
Is 47939149247 prime?
False
Is 8935916393 composite?
False
Is 81286763 a composite number?
False
Is 5156972659 composite?
True
Is 8234484571 a composite number?
False
Is 72314092691 a composite number?
False
Is 39090680501 prime?
True
Is 2362761647 a composite number?
True
Is 17088560693 prime?
True
Is 4587389423 prime?
False
Is 34940569733 prime?
True
Is 12424652561 prime?
False
Is 2074368311 composite?
False
Is 105775559 a prime number?
False
Is 7577417795 a composite number?
True
Is 11283640187 prime?
False
Is 14178241967 a composite number?
False
Is 169826213 prime?
False
Is 105502697117 composite?
True
Is 8927827639 a prime number?
True
Is 1087266611 composite?
False
Is 5337972407 composite?
True
Is 206858143 prime?
False
Is 10913997709 composite?
False
Is 1901114833 prime?
True
Is 3942816257 prime?
True
Is 9390942479 a composite number?
False
Is 1269825587 prime?
True
Is 1100691601 a composite number?
True
Is 1205092817 prime?
True
Is 8824014601 prime?
True
Is 2858358239 composite?
True
Is 9915523591 a prime number?
True
Is 1939488647 composite?
False
Is 125059807 a prime number?
False
Is 17741730079 prime?
True
Is 10098355187 composite?
True
Is 904494559 prime?
True
Is 502156147 a composite number?
False
Is 4602881281 composite?
False
Is 1805288027 a composite number?
True
Is 679587817 a prime number?
False
Is 5694751087 composite?
False
Is 1229143453 a prime number?
False
Is 6067149623 a prime number?
True
Is 2025584482 a composite number?
True
